{"id":984,"date":"2018-08-14T13:59:35","date_gmt":"2018-08-14T13:59:35","guid":{"rendered":"http:\/\/saludsantacruz.gob.ar\/saladesituacion\/?page_id=984"},"modified":"2018-08-14T14:13:37","modified_gmt":"2018-08-14T14:13:37","slug":"boletines2017","status":"publish","type":"page","link":"http:\/\/saludsantacruz.gob.ar\/saladesituacion\/boletines2017\/","title":{"rendered":"BOLETINES EPIDEMIOLOGICOS 2017"},"content":{"rendered":"<h1 style=\"text-align: center; font-size: 3rem; color: #757575;\">BOLETINES EPIDEMIOL\u00d3GICOS<\/h1>\n<header>\n<h3 style=\"text-align: center;\"><a href=\"http:\/\/saludsantacruz.gob.ar\/saladesituacion\/wp-content\/uploads\/2017\/10\/edicion-1-2017Bolet\u00edn-de-Vigilancia-Epidemiol\u00f3gica-1.pdf\">edicion 1-2017 Bolet\u00edn de Vigilancia Epidemiol\u00f3gica<\/a><\/h3>\n<\/header>\n<header>\n<h3 style=\"text-align: center;\"><a href=\"http:\/\/saludsantacruz.gob.ar\/saladesituacion\/wp-content\/uploads\/2017\/10\/edicion-2-2017Bolet\u00edn-de-Vigilancia-Epidemiol\u00f3gica-1.pdf\">edicion 2-2017 Bolet\u00edn de Vigilancia Epidemiol\u00f3gica<\/a><\/h3>\n<\/header>\n<header>\n<h3 style=\"text-align: center;\"><a href=\"http:\/\/saludsantacruz.gob.ar\/saladesituacion\/wp-content\/uploads\/2017\/10\/edicion-3-2017Bolet\u00edn-de-Vigilancia-Epidemiol\u00f3gica-1.pdf\">edicion 3-2017 Bolet\u00edn de Vigilancia Epidemiol\u00f3gica<\/a><\/h3>\n<\/header>\n<header>\n<h3 style=\"text-align: center;\"><a href=\"http:\/\/saludsantacruz.gob.ar\/saladesituacion\/wp-content\/uploads\/2017\/10\/edicion-4-2017Bolet\u00edn-de-Vigilancia-Epidemiol\u00f3gica-1.pdf\">edicion 4-2017 Bolet\u00edn de Vigilancia Epidemiol\u00f3gica<\/a><\/h3>\n<\/header>\n<header>\n<h3 style=\"text-align: center;\"><a href=\"http:\/\/saludsantacruz.gob.ar\/saladesituacion\/wp-content\/uploads\/2017\/11\/edicion-5-2017Bolet\u00edn-de-Vigilancia-Epidemiol\u00f3gica.pdf\">edicion 5-2017 Bolet\u00edn de Vigilancia Epidemiol\u00f3gica<\/a><\/h3>\n<\/header>\n<p>\t\t<div class=\"wppsac-slick-slider-wrp wppsac-clearfix \">\r\n\t\t\t<div id=\"wppsac-post-slider-1\" class=\"wppsac-post-slider-init wppsac-post-slider design-3\">\r\n\t\t\t\t\r\n<div class=\"wppsac-post-slides\">\r\n\t<div class=\"wppsac-post-overlay\">\r\n\t\t<div class=\"wppsac-post-image-bg\">\r\n\t\t\t<a href=\"http:\/\/saludsantacruz.gob.ar\/saladesituacion\/blog\/2016\/06\/09\/piramide-poblacional-dto-magallanes\/\">\r\n\t\t\t\t\t\t\t\t\t<img  src=\"http:\/\/saludsantacruz.gob.ar\/saladesituacion\/wp-content\/uploads\/2016\/06\/Piramide-San-Julian.jpg\" alt=\"Pir\u00e1mide Poblacional Dto. Magallanes\" \/>\r\n\t\t\t\t\t\t\t<\/a>\r\n\t\t<\/div>\r\n\t\t\t\t\t<div class=\"wppsac-post-categories\"><ul class=\"wppsac-post-categories-list\"><li><a href=\"http:\/\/saludsantacruz.gob.ar\/saladesituacion\/blog\/category\/datos_demograficos\/piramide_poblacional\/magallanes\/\" rel=\"category\"> magallanes <\/a><\/li><\/ul><\/div>\r\n\t\t\t\t<div class=\"wppsac-post-short-content\">\r\n\t\t\t<div class=\"wppsac-item-meta bottom\">\r\n\t\t\t  \t<h2 class=\"wppsac-post-title\">\r\n\t\t\t\t\t<a href=\"http:\/\/saludsantacruz.gob.ar\/saladesituacion\/blog\/2016\/06\/09\/piramide-poblacional-dto-magallanes\/\">Pir\u00e1mide Poblacional Dto. Magallanes<\/a>\r\n\t\t\t\t<\/h2>\r\n\t\t\t\t\t\t\t\t<div class=\"wppsac-post-date\">\r\n\t\t\t\t\t \r\n\t\t\t\t\t\t<span>By Sala de Situacion Estadisticas<\/span>\r\n\t\t\t\t\t&nbsp;\/&nbsp;9 junio, 2016\t\t\t\t<\/div>\r\n\t\t\t\t\r\n\t\t\t\t\t\t\t\t<div class=\"wppsac-post-content\">\r\n\t\t\t\t\t\t\t\t\t\t\t<div class=\"wppsac-sub-content\"><\/div>\r\n\t\t\t\t\t\r\n\t\t\t\t\t\t\t\t\t\t\t<a class=\"wppsac-readmorebtn\" href=\"http:\/\/saludsantacruz.gob.ar\/saladesituacion\/blog\/2016\/06\/09\/piramide-poblacional-dto-magallanes\/\">Read More<\/a>\r\n\t\t\t\t\t\t\t\t\t<\/div>\r\n\t\t\t\t\t\t\t<\/div>\r\n\t\t<\/div>\r\n\t<\/div>\r\n<\/div>\r\n<div class=\"wppsac-post-slides\">\r\n\t<div class=\"wppsac-post-overlay\">\r\n\t\t<div class=\"wppsac-post-image-bg\">\r\n\t\t\t<a href=\"http:\/\/saludsantacruz.gob.ar\/saladesituacion\/blog\/2016\/06\/09\/piramides-poblacionales-dto-deseado\/\">\r\n\t\t\t\t\t\t\t\t\t<img  src=\"http:\/\/saludsantacruz.gob.ar\/saladesituacion\/wp-content\/uploads\/2016\/06\/Piramide-Caleta.jpg\" alt=\"Pir\u00e1mides Poblacionales Dto. Deseado\" \/>\r\n\t\t\t\t\t\t\t<\/a>\r\n\t\t<\/div>\r\n\t\t\t\t\t<div class=\"wppsac-post-categories\"><ul class=\"wppsac-post-categories-list\"><li><a href=\"http:\/\/saludsantacruz.gob.ar\/saladesituacion\/blog\/category\/datos_demograficos\/piramide_poblacional\/deseado\/\" rel=\"category\"> deseado <\/a><\/li><\/ul><\/div>\r\n\t\t\t\t<div class=\"wppsac-post-short-content\">\r\n\t\t\t<div class=\"wppsac-item-meta bottom\">\r\n\t\t\t  \t<h2 class=\"wppsac-post-title\">\r\n\t\t\t\t\t<a href=\"http:\/\/saludsantacruz.gob.ar\/saladesituacion\/blog\/2016\/06\/09\/piramides-poblacionales-dto-deseado\/\">Pir\u00e1mides Poblacionales Dto. Deseado<\/a>\r\n\t\t\t\t<\/h2>\r\n\t\t\t\t\t\t\t\t<div class=\"wppsac-post-date\">\r\n\t\t\t\t\t \r\n\t\t\t\t\t\t<span>By Sala de Situacion Estadisticas<\/span>\r\n\t\t\t\t\t&nbsp;\/&nbsp;9 junio, 2016\t\t\t\t<\/div>\r\n\t\t\t\t\r\n\t\t\t\t\t\t\t\t<div class=\"wppsac-post-content\">\r\n\t\t\t\t\t\t\t\t\t\t\t<div class=\"wppsac-sub-content\">&nbsp;<\/div>\r\n\t\t\t\t\t\r\n\t\t\t\t\t\t\t\t\t\t\t<a class=\"wppsac-readmorebtn\" href=\"http:\/\/saludsantacruz.gob.ar\/saladesituacion\/blog\/2016\/06\/09\/piramides-poblacionales-dto-deseado\/\">Read More<\/a>\r\n\t\t\t\t\t\t\t\t\t<\/div>\r\n\t\t\t\t\t\t\t<\/div>\r\n\t\t<\/div>\r\n\t<\/div>\r\n<\/div>\r\n<div class=\"wppsac-post-slides\">\r\n\t<div class=\"wppsac-post-overlay\">\r\n\t\t<div class=\"wppsac-post-image-bg\">\r\n\t\t\t<a href=\"http:\/\/saludsantacruz.gob.ar\/saladesituacion\/blog\/2016\/06\/09\/piramides-poblacionales-dto-corpen-aike\/\">\r\n\t\t\t\t\t\t\t\t\t<img  src=\"http:\/\/saludsantacruz.gob.ar\/saladesituacion\/wp-content\/uploads\/2016\/06\/Piramide-Piedra-Buena.jpg\" alt=\"Pir\u00e1mides Poblacionales Dto. Corpen Aike\" \/>\r\n\t\t\t\t\t\t\t<\/a>\r\n\t\t<\/div>\r\n\t\t\t\t\t<div class=\"wppsac-post-categories\"><ul class=\"wppsac-post-categories-list\"><li><a href=\"http:\/\/saludsantacruz.gob.ar\/saladesituacion\/blog\/category\/datos_demograficos\/piramide_poblacional\/corpen_aike\/\" rel=\"category\"> corpen aike <\/a><\/li><li><a href=\"http:\/\/saludsantacruz.gob.ar\/saladesituacion\/blog\/category\/inicio\/\" rel=\"category\"> inicio <\/a><\/li><\/ul><\/div>\r\n\t\t\t\t<div class=\"wppsac-post-short-content\">\r\n\t\t\t<div class=\"wppsac-item-meta bottom\">\r\n\t\t\t  \t<h2 class=\"wppsac-post-title\">\r\n\t\t\t\t\t<a href=\"http:\/\/saludsantacruz.gob.ar\/saladesituacion\/blog\/2016\/06\/09\/piramides-poblacionales-dto-corpen-aike\/\">Pir\u00e1mides Poblacionales Dto. Corpen Aike<\/a>\r\n\t\t\t\t<\/h2>\r\n\t\t\t\t\t\t\t\t<div class=\"wppsac-post-date\">\r\n\t\t\t\t\t \r\n\t\t\t\t\t\t<span>By Sala de Situacion Estadisticas<\/span>\r\n\t\t\t\t\t&nbsp;\/&nbsp;9 junio, 2016\t\t\t\t<\/div>\r\n\t\t\t\t\r\n\t\t\t\t\t\t\t\t<div class=\"wppsac-post-content\">\r\n\t\t\t\t\t\t\t\t\t\t\t<div class=\"wppsac-sub-content\"><\/div>\r\n\t\t\t\t\t\r\n\t\t\t\t\t\t\t\t\t\t\t<a class=\"wppsac-readmorebtn\" href=\"http:\/\/saludsantacruz.gob.ar\/saladesituacion\/blog\/2016\/06\/09\/piramides-poblacionales-dto-corpen-aike\/\">Read More<\/a>\r\n\t\t\t\t\t\t\t\t\t<\/div>\r\n\t\t\t\t\t\t\t<\/div>\r\n\t\t<\/div>\r\n\t<\/div>\r\n<\/div>\r\n<div class=\"wppsac-post-slides\">\r\n\t<div class=\"wppsac-post-overlay\">\r\n\t\t<div class=\"wppsac-post-image-bg\">\r\n\t\t\t<a href=\"http:\/\/saludsantacruz.gob.ar\/saladesituacion\/blog\/2016\/06\/09\/piramide-poblacional-dto-rio-chico\/\">\r\n\t\t\t\t\t\t\t\t\t<img  src=\"http:\/\/saludsantacruz.gob.ar\/saladesituacion\/wp-content\/uploads\/2016\/06\/Piramide-Gregores.jpg\" alt=\"Pir\u00e1mide Poblacional Dto. R\u00edo Chico\" \/>\r\n\t\t\t\t\t\t\t<\/a>\r\n\t\t<\/div>\r\n\t\t\t\t\t<div class=\"wppsac-post-categories\"><ul class=\"wppsac-post-categories-list\"><li><a href=\"http:\/\/saludsantacruz.gob.ar\/saladesituacion\/blog\/category\/datos_demograficos\/piramide_poblacional\/rio-chico\/\" rel=\"category\"> rio chico <\/a><\/li><\/ul><\/div>\r\n\t\t\t\t<div class=\"wppsac-post-short-content\">\r\n\t\t\t<div class=\"wppsac-item-meta bottom\">\r\n\t\t\t  \t<h2 class=\"wppsac-post-title\">\r\n\t\t\t\t\t<a href=\"http:\/\/saludsantacruz.gob.ar\/saladesituacion\/blog\/2016\/06\/09\/piramide-poblacional-dto-rio-chico\/\">Pir\u00e1mide Poblacional Dto. R\u00edo Chico<\/a>\r\n\t\t\t\t<\/h2>\r\n\t\t\t\t\t\t\t\t<div class=\"wppsac-post-date\">\r\n\t\t\t\t\t \r\n\t\t\t\t\t\t<span>By Sala de Situacion Estadisticas<\/span>\r\n\t\t\t\t\t&nbsp;\/&nbsp;9 junio, 2016\t\t\t\t<\/div>\r\n\t\t\t\t\r\n\t\t\t\t\t\t\t\t<div class=\"wppsac-post-content\">\r\n\t\t\t\t\t\t\t\t\t\t\t<div class=\"wppsac-sub-content\"><\/div>\r\n\t\t\t\t\t\r\n\t\t\t\t\t\t\t\t\t\t\t<a class=\"wppsac-readmorebtn\" href=\"http:\/\/saludsantacruz.gob.ar\/saladesituacion\/blog\/2016\/06\/09\/piramide-poblacional-dto-rio-chico\/\">Read More<\/a>\r\n\t\t\t\t\t\t\t\t\t<\/div>\r\n\t\t\t\t\t\t\t<\/div>\r\n\t\t<\/div>\r\n\t<\/div>\r\n<\/div>\r\n<div class=\"wppsac-post-slides\">\r\n\t<div class=\"wppsac-post-overlay\">\r\n\t\t<div class=\"wppsac-post-image-bg\">\r\n\t\t\t<a href=\"http:\/\/saludsantacruz.gob.ar\/saladesituacion\/blog\/2016\/06\/09\/piramides-poblacional-dto-lago-buenos-aires\/\">\r\n\t\t\t\t\t\t\t\t\t<img  src=\"http:\/\/saludsantacruz.gob.ar\/saladesituacion\/wp-content\/uploads\/2016\/06\/Piramide-los-antiguos.jpg\" alt=\"Pir\u00e1mides Poblacionales Dto. Lago Buenos Aires\" \/>\r\n\t\t\t\t\t\t\t<\/a>\r\n\t\t<\/div>\r\n\t\t\t\t\t<div class=\"wppsac-post-categories\"><ul class=\"wppsac-post-categories-list\"><li><a href=\"http:\/\/saludsantacruz.gob.ar\/saladesituacion\/blog\/category\/datos_demograficos\/piramide_poblacional\/lago_buenos_aires\/\" rel=\"category\"> lago buenos aires <\/a><\/li><\/ul><\/div>\r\n\t\t\t\t<div class=\"wppsac-post-short-content\">\r\n\t\t\t<div class=\"wppsac-item-meta bottom\">\r\n\t\t\t  \t<h2 class=\"wppsac-post-title\">\r\n\t\t\t\t\t<a href=\"http:\/\/saludsantacruz.gob.ar\/saladesituacion\/blog\/2016\/06\/09\/piramides-poblacional-dto-lago-buenos-aires\/\">Pir\u00e1mides Poblacionales Dto. Lago Buenos Aires<\/a>\r\n\t\t\t\t<\/h2>\r\n\t\t\t\t\t\t\t\t<div class=\"wppsac-post-date\">\r\n\t\t\t\t\t \r\n\t\t\t\t\t\t<span>By Sala de Situacion Estadisticas<\/span>\r\n\t\t\t\t\t&nbsp;\/&nbsp;9 junio, 2016\t\t\t\t<\/div>\r\n\t\t\t\t\r\n\t\t\t\t\t\t\t\t<div class=\"wppsac-post-content\">\r\n\t\t\t\t\t\t\t\t\t\t\t<div class=\"wppsac-sub-content\"><\/div>\r\n\t\t\t\t\t\r\n\t\t\t\t\t\t\t\t\t\t\t<a class=\"wppsac-readmorebtn\" href=\"http:\/\/saludsantacruz.gob.ar\/saladesituacion\/blog\/2016\/06\/09\/piramides-poblacional-dto-lago-buenos-aires\/\">Read More<\/a>\r\n\t\t\t\t\t\t\t\t\t<\/div>\r\n\t\t\t\t\t\t\t<\/div>\r\n\t\t<\/div>\r\n\t<\/div>\r\n<\/div>\r\n<div class=\"wppsac-post-slides\">\r\n\t<div class=\"wppsac-post-overlay\">\r\n\t\t<div class=\"wppsac-post-image-bg\">\r\n\t\t\t<a href=\"http:\/\/saludsantacruz.gob.ar\/saladesituacion\/blog\/2016\/06\/09\/249-2\/\">\r\n\t\t\t\t\t\t\t\t\t<img  src=\"http:\/\/saludsantacruz.gob.ar\/saladesituacion\/wp-content\/uploads\/2016\/06\/Piramides-Guer-Aike.jpg\" alt=\"Pir\u00e1mides Poblacionales Dto. Guer Aike\" \/>\r\n\t\t\t\t\t\t\t<\/a>\r\n\t\t<\/div>\r\n\t\t\t\t\t<div class=\"wppsac-post-categories\"><ul class=\"wppsac-post-categories-list\"><li><a href=\"http:\/\/saludsantacruz.gob.ar\/saladesituacion\/blog\/category\/datos_demograficos\/piramide_poblacional\/guer_aike\/\" rel=\"category\"> g\u00fcer aike <\/a><\/li><\/ul><\/div>\r\n\t\t\t\t<div class=\"wppsac-post-short-content\">\r\n\t\t\t<div class=\"wppsac-item-meta bottom\">\r\n\t\t\t  \t<h2 class=\"wppsac-post-title\">\r\n\t\t\t\t\t<a href=\"http:\/\/saludsantacruz.gob.ar\/saladesituacion\/blog\/2016\/06\/09\/249-2\/\">Pir\u00e1mides Poblacionales Dto. Guer Aike<\/a>\r\n\t\t\t\t<\/h2>\r\n\t\t\t\t\t\t\t\t<div class=\"wppsac-post-date\">\r\n\t\t\t\t\t \r\n\t\t\t\t\t\t<span>By Sala de Situacion Estadisticas<\/span>\r\n\t\t\t\t\t&nbsp;\/&nbsp;9 junio, 2016\t\t\t\t<\/div>\r\n\t\t\t\t\r\n\t\t\t\t\t\t\t\t<div class=\"wppsac-post-content\">\r\n\t\t\t\t\t\t\t\t\t\t\t<div class=\"wppsac-sub-content\"><\/div>\r\n\t\t\t\t\t\r\n\t\t\t\t\t\t\t\t\t\t\t<a class=\"wppsac-readmorebtn\" href=\"http:\/\/saludsantacruz.gob.ar\/saladesituacion\/blog\/2016\/06\/09\/249-2\/\">Read More<\/a>\r\n\t\t\t\t\t\t\t\t\t<\/div>\r\n\t\t\t\t\t\t\t<\/div>\r\n\t\t<\/div>\r\n\t<\/div>\r\n<\/div>\r\n<div class=\"wppsac-post-slides\">\r\n\t<div class=\"wppsac-post-overlay\">\r\n\t\t<div class=\"wppsac-post-image-bg\">\r\n\t\t\t<a href=\"http:\/\/saludsantacruz.gob.ar\/saladesituacion\/blog\/2016\/06\/09\/239-2\/\">\r\n\t\t\t\t\t\t\t\t\t<img  src=\"http:\/\/saludsantacruz.gob.ar\/saladesituacion\/wp-content\/uploads\/2016\/06\/Demograf-3.jpg\" alt=\"Pir\u00e1mide Poblacional Provincial\" \/>\r\n\t\t\t\t\t\t\t<\/a>\r\n\t\t<\/div>\r\n\t\t\t\t\t<div class=\"wppsac-post-categories\"><ul class=\"wppsac-post-categories-list\"><li><a href=\"http:\/\/saludsantacruz.gob.ar\/saladesituacion\/blog\/category\/datos_demograficos\/piramide_poblacional\/provincial\/\" rel=\"category\"> provincial <\/a><\/li><\/ul><\/div>\r\n\t\t\t\t<div class=\"wppsac-post-short-content\">\r\n\t\t\t<div class=\"wppsac-item-meta bottom\">\r\n\t\t\t  \t<h2 class=\"wppsac-post-title\">\r\n\t\t\t\t\t<a href=\"http:\/\/saludsantacruz.gob.ar\/saladesituacion\/blog\/2016\/06\/09\/239-2\/\">Pir\u00e1mide Poblacional Provincial<\/a>\r\n\t\t\t\t<\/h2>\r\n\t\t\t\t\t\t\t\t<div class=\"wppsac-post-date\">\r\n\t\t\t\t\t \r\n\t\t\t\t\t\t<span>By Sala de Situacion Estadisticas<\/span>\r\n\t\t\t\t\t&nbsp;\/&nbsp;9 junio, 2016\t\t\t\t<\/div>\r\n\t\t\t\t\r\n\t\t\t\t\t\t\t\t<div class=\"wppsac-post-content\">\r\n\t\t\t\t\t\t\t\t\t\t\t<div class=\"wppsac-sub-content\"><\/div>\r\n\t\t\t\t\t\r\n\t\t\t\t\t\t\t\t\t\t\t<a class=\"wppsac-readmorebtn\" href=\"http:\/\/saludsantacruz.gob.ar\/saladesituacion\/blog\/2016\/06\/09\/239-2\/\">Read More<\/a>\r\n\t\t\t\t\t\t\t\t\t<\/div>\r\n\t\t\t\t\t\t\t<\/div>\r\n\t\t<\/div>\r\n\t<\/div>\r\n<\/div>\t\t\t<\/div>\r\n\t\t\t<div class=\"wppsac-slider-conf wppsac-hide\" data-conf=\"{&quot;dots&quot;:&quot;true&quot;,&quot;arrows&quot;:&quot;true&quot;,&quot;autoplay&quot;:&quot;true&quot;,&quot;autoplay_interval&quot;:3000,&quot;speed&quot;:500,&quot;rtl&quot;:&quot;false&quot;,&quot;lazyload&quot;:&quot;&quot;}\"><\/div>\r\n\t\t<\/div>\r\n\t<br \/>\n\t\t<div class=\"wppsac-slick-slider-wrp wppsac-clearfix \">\r\n\t\t\t<div id=\"wppsac-post-slider-2\" class=\"wppsac-post-slider-init wppsac-post-slider design-4\">\r\n\t\t\t\t\r\n<div class=\"wppsac-post-slides\">\r\n\t<div class=\"wppsac-post-list\">\r\n\t\t<div class=\"wppsac-post-list-content\">\r\n\t\t\t\t\t\t\t<div class=\"wp-medium-5 wpcolumns\">\r\n\t\t\t\t\t<div class=\"wppsac-post-image-bg\">\r\n\t\t\t\t\t\t<a href=\"http:\/\/saludsantacruz.gob.ar\/saladesituacion\/blog\/2016\/06\/10\/condicion-de-alfabetismo\/\">\r\n\t\t\t\t\t\t\t<img  src=\"http:\/\/saludsantacruz.gob.ar\/saladesituacion\/wp-content\/uploads\/2016\/06\/Alfabetismo.jpg\" alt=\"Condici\u00f3n de Alfabetismo\" \/>\r\n\t\t\t\t\t\t<\/a>\r\n\t\t\t\t\t<\/div>\r\n\t\t\t\t<\/div>\r\n\t\t\t\t\t\t<div class=\" wp-medium-7  wpcolumns\">\r\n\t\t\t\t\t\t\t\t\t<div class=\"wppsac-post-categories\"><ul class=\"wppsac-post-categories-list\"><li><a href=\"http:\/\/saludsantacruz.gob.ar\/saladesituacion\/blog\/category\/socio_economicos\/tasa_analfabetismo\/\" rel=\"category\"> tasa de analfabetismo <\/a><\/li><\/ul><\/div>\r\n\t\t\t\t\t\t\t  \t<h2 class=\"wppsac-post-title\">\r\n\t\t\t\t\t<a href=\"http:\/\/saludsantacruz.gob.ar\/saladesituacion\/blog\/2016\/06\/10\/condicion-de-alfabetismo\/\">Condici\u00f3n de Alfabetismo<\/a>\r\n\t\t\t\t<\/h2>\r\n\t\t\t\t\t\t\t\t\t<div class=\"wppsac-post-date\">\r\n\t\t\t\t\t\t \r\n\t\t\t\t\t\t\t<span>By Sala de Situacion Estadisticas<\/span>\r\n\t\t\t\t\t\t&nbsp;\/&nbsp;10 junio, 2016\t\t\t\t\t<\/div>\r\n\t\t\t\t\t\t\t\t\t\t\t\t\t<div class=\"wppsac-post-content\">\r\n\t\t\t\t\t\t\t\t\t\t\t\t\t<div class=\"wppsac-sub-content\"><\/div>\r\n\t\t\t\t\t\t\t\t\t\t\t\t\t\t\t\t\t\t\t<a class=\"wppsac-readmorebtn\" href=\"http:\/\/saludsantacruz.gob.ar\/saladesituacion\/blog\/2016\/06\/10\/condicion-de-alfabetismo\/\">Read More<\/a>\r\n\t\t\t\t\t\t\t\t\t\t\t<\/div>\r\n\t\t\t\t\t\t\t<\/div>\r\n\t\t<\/div>\r\n\t<\/div>\r\n<\/div>\r\n<div class=\"wppsac-post-slides\">\r\n\t<div class=\"wppsac-post-list\">\r\n\t\t<div class=\"wppsac-post-list-content\">\r\n\t\t\t\t\t\t\t<div class=\"wp-medium-5 wpcolumns\">\r\n\t\t\t\t\t<div class=\"wppsac-post-image-bg\">\r\n\t\t\t\t\t\t<a href=\"http:\/\/saludsantacruz.gob.ar\/saladesituacion\/blog\/2016\/06\/10\/indice-de-desarrollo-humano\/\">\r\n\t\t\t\t\t\t\t<img  src=\"http:\/\/saludsantacruz.gob.ar\/saladesituacion\/wp-content\/uploads\/2016\/06\/indice-de-desarrollo.jpg\" alt=\"Indice de Desarrollo Humano\" \/>\r\n\t\t\t\t\t\t<\/a>\r\n\t\t\t\t\t<\/div>\r\n\t\t\t\t<\/div>\r\n\t\t\t\t\t\t<div class=\" wp-medium-7  wpcolumns\">\r\n\t\t\t\t\t\t\t\t\t<div class=\"wppsac-post-categories\"><ul class=\"wppsac-post-categories-list\"><li><a href=\"http:\/\/saludsantacruz.gob.ar\/saladesituacion\/blog\/category\/socio_economicos\/indice_desarrollo_humano\/\" rel=\"category\"> indice de desarrollo humano <\/a><\/li><\/ul><\/div>\r\n\t\t\t\t\t\t\t  \t<h2 class=\"wppsac-post-title\">\r\n\t\t\t\t\t<a href=\"http:\/\/saludsantacruz.gob.ar\/saladesituacion\/blog\/2016\/06\/10\/indice-de-desarrollo-humano\/\">Indice de Desarrollo Humano<\/a>\r\n\t\t\t\t<\/h2>\r\n\t\t\t\t\t\t\t\t\t<div class=\"wppsac-post-date\">\r\n\t\t\t\t\t\t \r\n\t\t\t\t\t\t\t<span>By Sala de Situacion Estadisticas<\/span>\r\n\t\t\t\t\t\t&nbsp;\/&nbsp;10 junio, 2016\t\t\t\t\t<\/div>\r\n\t\t\t\t\t\t\t\t\t\t\t\t\t<div class=\"wppsac-post-content\">\r\n\t\t\t\t\t\t\t\t\t\t\t\t\t<div class=\"wppsac-sub-content\"><\/div>\r\n\t\t\t\t\t\t\t\t\t\t\t\t\t\t\t\t\t\t\t<a class=\"wppsac-readmorebtn\" href=\"http:\/\/saludsantacruz.gob.ar\/saladesituacion\/blog\/2016\/06\/10\/indice-de-desarrollo-humano\/\">Read More<\/a>\r\n\t\t\t\t\t\t\t\t\t\t\t<\/div>\r\n\t\t\t\t\t\t\t<\/div>\r\n\t\t<\/div>\r\n\t<\/div>\r\n<\/div>\r\n<div class=\"wppsac-post-slides\">\r\n\t<div class=\"wppsac-post-list\">\r\n\t\t<div class=\"wppsac-post-list-content\">\r\n\t\t\t\t\t\t\t<div class=\"wp-medium-5 wpcolumns\">\r\n\t\t\t\t\t<div class=\"wppsac-post-image-bg\">\r\n\t\t\t\t\t\t<a href=\"http:\/\/saludsantacruz.gob.ar\/saladesituacion\/blog\/2016\/06\/10\/hogares-y-viviendas-santa-cruz-2010\/\">\r\n\t\t\t\t\t\t\t<img  src=\"http:\/\/saludsantacruz.gob.ar\/saladesituacion\/wp-content\/uploads\/2016\/06\/Hogares-y-Viviendas.jpg\" alt=\"Hogares y Viviendas &#8211; Santa Cruz 2010\" \/>\r\n\t\t\t\t\t\t<\/a>\r\n\t\t\t\t\t<\/div>\r\n\t\t\t\t<\/div>\r\n\t\t\t\t\t\t<div class=\" wp-medium-7  wpcolumns\">\r\n\t\t\t\t\t\t\t\t\t<div class=\"wppsac-post-categories\"><ul class=\"wppsac-post-categories-list\"><li><a href=\"http:\/\/saludsantacruz.gob.ar\/saladesituacion\/blog\/category\/socio_economicos\/hogares_viviendas\/\" rel=\"category\"> hogares y viviendas <\/a><\/li><\/ul><\/div>\r\n\t\t\t\t\t\t\t  \t<h2 class=\"wppsac-post-title\">\r\n\t\t\t\t\t<a href=\"http:\/\/saludsantacruz.gob.ar\/saladesituacion\/blog\/2016\/06\/10\/hogares-y-viviendas-santa-cruz-2010\/\">Hogares y Viviendas &#8211; Santa Cruz 2010<\/a>\r\n\t\t\t\t<\/h2>\r\n\t\t\t\t\t\t\t\t\t<div class=\"wppsac-post-date\">\r\n\t\t\t\t\t\t \r\n\t\t\t\t\t\t\t<span>By Sala de Situacion Estadisticas<\/span>\r\n\t\t\t\t\t\t&nbsp;\/&nbsp;10 junio, 2016\t\t\t\t\t<\/div>\r\n\t\t\t\t\t\t\t\t\t\t\t\t\t<div class=\"wppsac-post-content\">\r\n\t\t\t\t\t\t\t\t\t\t\t\t\t<div class=\"wppsac-sub-content\"><\/div>\r\n\t\t\t\t\t\t\t\t\t\t\t\t\t\t\t\t\t\t\t<a class=\"wppsac-readmorebtn\" href=\"http:\/\/saludsantacruz.gob.ar\/saladesituacion\/blog\/2016\/06\/10\/hogares-y-viviendas-santa-cruz-2010\/\">Read More<\/a>\r\n\t\t\t\t\t\t\t\t\t\t\t<\/div>\r\n\t\t\t\t\t\t\t<\/div>\r\n\t\t<\/div>\r\n\t<\/div>\r\n<\/div>\r\n<div class=\"wppsac-post-slides\">\r\n\t<div class=\"wppsac-post-list\">\r\n\t\t<div class=\"wppsac-post-list-content\">\r\n\t\t\t\t\t\t\t<div class=\"wp-medium-5 wpcolumns\">\r\n\t\t\t\t\t<div class=\"wppsac-post-image-bg\">\r\n\t\t\t\t\t\t<a href=\"http:\/\/saludsantacruz.gob.ar\/saladesituacion\/blog\/2016\/06\/10\/tasa-de-empleo-y-desempleo\/\">\r\n\t\t\t\t\t\t\t<img  src=\"http:\/\/saludsantacruz.gob.ar\/saladesituacion\/wp-content\/uploads\/2016\/06\/tasa-de-Empleo-Desemp.jpg\" alt=\"Tasa de Empleo y Desempleo\" \/>\r\n\t\t\t\t\t\t<\/a>\r\n\t\t\t\t\t<\/div>\r\n\t\t\t\t<\/div>\r\n\t\t\t\t\t\t<div class=\" wp-medium-7  wpcolumns\">\r\n\t\t\t\t\t\t\t\t\t<div class=\"wppsac-post-categories\"><ul class=\"wppsac-post-categories-list\"><li><a href=\"http:\/\/saludsantacruz.gob.ar\/saladesituacion\/blog\/category\/socio_economicos\/indicadores_desocupacion\/\" rel=\"category\"> indicadores desocupacion <\/a><\/li><\/ul><\/div>\r\n\t\t\t\t\t\t\t  \t<h2 class=\"wppsac-post-title\">\r\n\t\t\t\t\t<a href=\"http:\/\/saludsantacruz.gob.ar\/saladesituacion\/blog\/2016\/06\/10\/tasa-de-empleo-y-desempleo\/\">Tasa de Empleo y Desempleo<\/a>\r\n\t\t\t\t<\/h2>\r\n\t\t\t\t\t\t\t\t\t<div class=\"wppsac-post-date\">\r\n\t\t\t\t\t\t \r\n\t\t\t\t\t\t\t<span>By Sala de Situacion Estadisticas<\/span>\r\n\t\t\t\t\t\t&nbsp;\/&nbsp;10 junio, 2016\t\t\t\t\t<\/div>\r\n\t\t\t\t\t\t\t\t\t\t\t\t\t<div class=\"wppsac-post-content\">\r\n\t\t\t\t\t\t\t\t\t\t\t\t\t<div class=\"wppsac-sub-content\"><\/div>\r\n\t\t\t\t\t\t\t\t\t\t\t\t\t\t\t\t\t\t\t<a class=\"wppsac-readmorebtn\" href=\"http:\/\/saludsantacruz.gob.ar\/saladesituacion\/blog\/2016\/06\/10\/tasa-de-empleo-y-desempleo\/\">Read More<\/a>\r\n\t\t\t\t\t\t\t\t\t\t\t<\/div>\r\n\t\t\t\t\t\t\t<\/div>\r\n\t\t<\/div>\r\n\t<\/div>\r\n<\/div>\r\n<div class=\"wppsac-post-slides\">\r\n\t<div class=\"wppsac-post-list\">\r\n\t\t<div class=\"wppsac-post-list-content\">\r\n\t\t\t\t\t\t\t<div class=\"wp-medium-5 wpcolumns\">\r\n\t\t\t\t\t<div class=\"wppsac-post-image-bg\">\r\n\t\t\t\t\t\t<a href=\"http:\/\/saludsantacruz.gob.ar\/saladesituacion\/blog\/2016\/06\/10\/disponibilidad-de-agua-de-red\/\">\r\n\t\t\t\t\t\t\t<img  src=\"http:\/\/saludsantacruz.gob.ar\/saladesituacion\/wp-content\/uploads\/2016\/06\/Agua-de-Red.jpg\" alt=\"Disponibilidad de Agua de Red\" \/>\r\n\t\t\t\t\t\t<\/a>\r\n\t\t\t\t\t<\/div>\r\n\t\t\t\t<\/div>\r\n\t\t\t\t\t\t<div class=\" wp-medium-7  wpcolumns\">\r\n\t\t\t\t\t\t\t\t\t<div class=\"wppsac-post-categories\"><ul class=\"wppsac-post-categories-list\"><li><a href=\"http:\/\/saludsantacruz.gob.ar\/saladesituacion\/blog\/category\/socio_economicos\/hogares_disp_agua-red-_argentina-santa_cruz_2010\/\" rel=\"category\"> HOGARES DISP. AGUA RED ARGENTINA Y SANTA CRUZ 2010 <\/a><\/li><\/ul><\/div>\r\n\t\t\t\t\t\t\t  \t<h2 class=\"wppsac-post-title\">\r\n\t\t\t\t\t<a href=\"http:\/\/saludsantacruz.gob.ar\/saladesituacion\/blog\/2016\/06\/10\/disponibilidad-de-agua-de-red\/\">Disponibilidad de Agua de Red<\/a>\r\n\t\t\t\t<\/h2>\r\n\t\t\t\t\t\t\t\t\t<div class=\"wppsac-post-date\">\r\n\t\t\t\t\t\t \r\n\t\t\t\t\t\t\t<span>By Sala de Situacion Estadisticas<\/span>\r\n\t\t\t\t\t\t&nbsp;\/&nbsp;10 junio, 2016\t\t\t\t\t<\/div>\r\n\t\t\t\t\t\t\t\t\t\t\t\t\t<div class=\"wppsac-post-content\">\r\n\t\t\t\t\t\t\t\t\t\t\t\t\t<div class=\"wppsac-sub-content\"><\/div>\r\n\t\t\t\t\t\t\t\t\t\t\t\t\t\t\t\t\t\t\t<a class=\"wppsac-readmorebtn\" href=\"http:\/\/saludsantacruz.gob.ar\/saladesituacion\/blog\/2016\/06\/10\/disponibilidad-de-agua-de-red\/\">Read More<\/a>\r\n\t\t\t\t\t\t\t\t\t\t\t<\/div>\r\n\t\t\t\t\t\t\t<\/div>\r\n\t\t<\/div>\r\n\t<\/div>\r\n<\/div>\r\n<div class=\"wppsac-post-slides\">\r\n\t<div class=\"wppsac-post-list\">\r\n\t\t<div class=\"wppsac-post-list-content\">\r\n\t\t\t\t\t\t\t<div class=\"wp-medium-5 wpcolumns\">\r\n\t\t\t\t\t<div class=\"wppsac-post-image-bg\">\r\n\t\t\t\t\t\t<a href=\"http:\/\/saludsantacruz.gob.ar\/saladesituacion\/blog\/2016\/06\/10\/nbi-hogares\/\">\r\n\t\t\t\t\t\t\t<img  src=\"http:\/\/saludsantacruz.gob.ar\/saladesituacion\/wp-content\/uploads\/2016\/06\/NBI-1.jpg\" alt=\"NBI &#8211; Hogares\" \/>\r\n\t\t\t\t\t\t<\/a>\r\n\t\t\t\t\t<\/div>\r\n\t\t\t\t<\/div>\r\n\t\t\t\t\t\t<div class=\" wp-medium-7  wpcolumns\">\r\n\t\t\t\t\t\t\t\t\t<div class=\"wppsac-post-categories\"><ul class=\"wppsac-post-categories-list\"><li><a href=\"http:\/\/saludsantacruz.gob.ar\/saladesituacion\/blog\/category\/socio_economicos\/poblacion_hogares_nbi\/\" rel=\"category\"> poblacion y hogares con nbi <\/a><\/li><\/ul><\/div>\r\n\t\t\t\t\t\t\t  \t<h2 class=\"wppsac-post-title\">\r\n\t\t\t\t\t<a href=\"http:\/\/saludsantacruz.gob.ar\/saladesituacion\/blog\/2016\/06\/10\/nbi-hogares\/\">NBI &#8211; Hogares<\/a>\r\n\t\t\t\t<\/h2>\r\n\t\t\t\t\t\t\t\t\t<div class=\"wppsac-post-date\">\r\n\t\t\t\t\t\t \r\n\t\t\t\t\t\t\t<span>By Sala de Situacion Estadisticas<\/span>\r\n\t\t\t\t\t\t&nbsp;\/&nbsp;10 junio, 2016\t\t\t\t\t<\/div>\r\n\t\t\t\t\t\t\t\t\t\t\t\t\t<div class=\"wppsac-post-content\">\r\n\t\t\t\t\t\t\t\t\t\t\t\t\t<div class=\"wppsac-sub-content\"><\/div>\r\n\t\t\t\t\t\t\t\t\t\t\t\t\t\t\t\t\t\t\t<a class=\"wppsac-readmorebtn\" href=\"http:\/\/saludsantacruz.gob.ar\/saladesituacion\/blog\/2016\/06\/10\/nbi-hogares\/\">Read More<\/a>\r\n\t\t\t\t\t\t\t\t\t\t\t<\/div>\r\n\t\t\t\t\t\t\t<\/div>\r\n\t\t<\/div>\r\n\t<\/div>\r\n<\/div>\t\t\t<\/div>\r\n\t\t\t<div class=\"wppsac-slider-conf wppsac-hide\" data-conf=\"{&quot;dots&quot;:&quot;false&quot;,&quot;arrows&quot;:&quot;true&quot;,&quot;autoplay&quot;:&quot;true&quot;,&quot;autoplay_interval&quot;:3000,&quot;speed&quot;:500,&quot;rtl&quot;:&quot;false&quot;,&quot;lazyload&quot;:&quot;&quot;}\"><\/div>\r\n\t\t<\/div>\r\n\t<\/p>\n","protected":false},"excerpt":{"rendered":"<p>BOLETINES EPIDEMIOL\u00d3GICOS edicion 1-2017 Bolet\u00edn de Vigilancia Epidemiol\u00f3gica edicion 2-2017 Bolet\u00edn de Vigilancia Epidemiol\u00f3gica edicion 3-2017 Bolet\u00edn de Vigilancia Epidemiol\u00f3gica edicion 4-2017 Bolet\u00edn de Vigilancia Epidemiol\u00f3gica edicion 5-2017 Bolet\u00edn de&#8230; <a href=\"http:\/\/saludsantacruz.gob.ar\/saladesituacion\/blog\/2016\/06\/10\/nbi-hogares\/\">Leer m\u00e1s &raquo;<\/a><\/p>\n","protected":false},"author":2,"featured_media":0,"parent":0,"menu_order":0,"comment_status":"closed","ping_status":"closed","template":"","meta":[],"_links":{"self":[{"href":"http:\/\/saludsantacruz.gob.ar\/saladesituacion\/wp-json\/wp\/v2\/pages\/984"}],"collection":[{"href":"http:\/\/saludsantacruz.gob.ar\/saladesituacion\/wp-json\/wp\/v2\/pages"}],"about":[{"href":"http:\/\/saludsantacruz.gob.ar\/saladesituacion\/wp-json\/wp\/v2\/types\/page"}],"author":[{"embeddable":true,"href":"http:\/\/saludsantacruz.gob.ar\/saladesituacion\/wp-json\/wp\/v2\/users\/2"}],"replies":[{"embeddable":true,"href":"http:\/\/saludsantacruz.gob.ar\/saladesituacion\/wp-json\/wp\/v2\/comments?post=984"}],"version-history":[{"count":2,"href":"http:\/\/saludsantacruz.gob.ar\/saladesituacion\/wp-json\/wp\/v2\/pages\/984\/revisions"}],"predecessor-version":[{"id":987,"href":"http:\/\/saludsantacruz.gob.ar\/saladesituacion\/wp-json\/wp\/v2\/pages\/984\/revisions\/987"}],"wp:attachment":[{"href":"http:\/\/saludsantacruz.gob.ar\/saladesituacion\/wp-json\/wp\/v2\/media?parent=984"}],"curies":[{"name":"wp","href":"https:\/\/api.w.org\/{rel}","templated":true}]}}